3b3
In base 11, what is 17a76 - 3059?
14a18
In base 3, what is -210 - 202001001212102?
-202001001220012
In base 5, what is 0 - -11432233024?
11432233024
In base 8, what is -137442 - -674?
-136546
In base 10, what is 5026989 + -1?
5026988
In base 16, what is -2b74524 - -5?
-2b7451f
In base 9, what is 435840420 + -6?
435840413
In base 14, what is -87 - 19881d?
-1988a6
In base 15, what is 65ecac7 + 5?
65ecacc
In base 8, what is 6173743 + 0?
6173743
In base 9, what is 3221816 + 11?
3221827
In base 5, what is -2344011 + -2142?
-2401203
In base 15, what is 157a766 - 1?
157a765
In base 14, what is 26431 - 5?
2642a
In base 10, what is -905 + 3357?
2452
In base 6, what is 23544 - -123340?
151324
In base 15, what is 1857ee + c?
18580b
In base 10, what is 14915 + 15961?
30876
In base 7, what is 2442454025 - -2?
2442454030
In base 13, what is 3456c37 + -7?
3456c30
In base 4, what is 110303211021 + 303?
110303211330
In base 5, what is 21 + 10002333320?
10002333341
In base 2, what is 100101 - -10100111101000100110110?
10100111101000101011011
In base 14, what is -3 - -56c9d0?
56c9cb
In base 5, what is -23012134 - 14?
-23012203
In base 10, what is 9038683 - -3?
9038686
In base 10, what is -2194136 + -4?
-2194140
In base 10, what is 0 - 8811744?
-8811744
In base 14, what is -29 - -951483?
951458
In base 11, what is -1343389 - -9?
-1343380
In base 3, what is 20012121110 + -12002?
20012102101
In base 16, what is 5 - -34a1343?
34a1348
In base 16, what is -1fbd - 857?
-2814
In base 14, what is -5b1d8 + 27?
-5b1b1
In base 3, what is 1220021020110001 + 12?
1220021020110020
In base 11, what is -2a0017 - 17?
-2a0033
In base 15, what is 23606e3 + -4?
23606de
In base 11, what is 182 + -38783?
-38601
In base 11, what is -90316185 + -2?
-90316187
In base 11, what is 4236a6 - -2?
4236a8
In base 2, what is 100000110000 + -100011010010100101?
-100010110001110101
In base 9, what is -123462507 + -5?
-123462513
In base 7, what is 2 - 610164551?
-610164546
In base 10, what is -13 - 8641059?
-8641072
In base 10, what is -7214978 + 1?
-7214977
In base 7, what is -26551422 + -5?
-26551430
In base 6, what is 40204 - -44014?
124222
In base 16, what is -39 - -1b60b?
1b5d2
In base 12, what is -15 + -276756?
-27676b
In base 10, what is 4020992 - -326?
4021318
In base 9, what is 2571546 - -44?
2571601
In base 10, what is 94714177 + -4?
94714173
In base 7, what is 5 + 101524151?
101524156
In base 16, what is 8055 + -27f?
7dd6
In base 11, what is -1 + -1503500aa?
-150350100
In base 10, what is 9486 - 1028?
8458
In base 16, what is -1ba9ad - -4c?
-1ba961
In base 10, what is 11497 - 14522?
-3025
In base 10, what is -6609 - 156?
-6765
In base 2, what is -1 - -111000010010001010100?
111000010010001010011
In base 15, what is 19 - 1a88e?
-1a875
In base 14, what is d08c8 - 2a?
d089c
In base 10, what is 605232 + 30?
605262
In base 12, what is 58 - -6440?
6498
In base 4, what is 2 + -1111221112121?
-1111221112113
In base 12, what is 2a39 - a606?
-7789
In base 10, what is -50 + 520706?
520656
In base 15, what is cd113 + -6e?
cd094
In base 7, what is -1134 - -3213262?
3212125
In base 7, what is -11002 + 46004?
35002
In base 14, what is -3a0 - c5083?
-c5443
In base 14, what is 37b34 - -4b?
37b81
In base 15, what is a98375 - -1?
a98376
In base 16, what is -13345 - -3a5?
-12fa0
In base 4, what is -233212233122 - 220?
-233212300002
In base 9, what is 48355376 + 4?
48355381
In base 8, what is 4 + -273303336?
-273303332
In base 4, what is -1213120130 + -1312?
-1213122102
In base 14, what is 9b86 + 2b8?
a060
In base 8, what is 4 + 14502244?
14502250
In base 15, what is -41e - 42689?
-42aa8
In base 8, what is -605105 + -15?
-605122
In base 6, what is -102224405 - 3?
-102224412
In base 13, what is 3 - 1c672786?
-1c672783
In base 13, what is -227 + -2052c?
-20756
In base 16, what is -45 - ac35a1?
-ac35e6
In base 10, what is -1 + -80677942?
-80677943
In base 3, what is 20 + -102111000000120?
-102111000000100
In base 14, what is 9789da8 - 1?
9789da7
In base 4, what is 211002 - -22230132?
23101200
In base 15, what is 35e52 - -87?
35ed9
In base 11, what is -793315 - -355?
-792a70
In base 13, what is -11b04 + -17c5?
-135c9
In base 2, what is -1110111000000110 + -1010?
-1110111000010000
In base 13, what is 3 - -80c97?
80c9a
In base 8, what is -2 + -27026425?
-27026427
In base 14, what is 2 + 2d197?
2d199
In base 4, what is -200 + 1103022112?
1103021312
In base 4, what is -130110 + -110112033?
-110302203
In base 5, what is 13322 - 120301241?
-120232414
In base 11, what is -1453 + -1308a0?
-132243
In base 5, what is -224013 - -11010124?
10231111
In base 3, what is -1021 - -111010121102?
111010120011
In base 9, what is 267 + -26565?
-26287
In base 4, what is -1133 - 3322000?
-3323133
In base 9, what is 1 - -542805242?
542805243
In base 11, what is 52770 + -181?
5259a
In base 3, what is 112 + -2012002221112?
-2012002221000
In base 9, what is 203710100 + 4?
203710104
In base 12, what is -b48b1108 - 4?
-b48b1110
In base 6, what is -34 + -13424040?
-13424114
In base 2, what is -11000100011101111 + 1100010100?
-11000010111011011
In base 16, what is -c + -1671136?
-1671142
In base 8, what is -1 - -20431073?
20431072
In base 2, what is 100011110100111011010101010101 + -101?
100011110100111011010101010000
In base 16, what is -b2f - 318?
-e47
In base 3, what is 1 - 2201220001?
-2201220000
In base 10, what is -36298 + -2821?
-39119
In base 4, what is 11030131 - 2032?
11022033
In base 10, what is -88656 + -5629?
-94285
In base 11, what is -10933 - 91?
-10a14
In base 7, what is -55 + -10300310?
-10300365
In base 8, what is 4 + 1276172505?
1276172511
In base 14, what is cc3a - 4b0?
c76a
In base 2, what is 10001 - -11011011101111111111?
11011011110000010000
In base 5, what is 2221312001 - 110?
2221311341
In base 4, what is -100332 - 1011020131?
-1011121123
In base 6, what is -313 - -450033?
445320
In base 9, what is 44588 + -11226?
33362
In base 14, what is -9533 - a?
-953d
In base 8, what is 245 + 4115157?
4115424
In base 9, what is 2 - 35253388?
-35253386
In base 9, what is 242 + -82112?
-81760
In base 7, what is -232 + -1342236?
-1342501
In base 11, what is 1171 + 323a1?
33562
In base 8, what is -725674 - -225?
-725447
In base 10, what is -516381 - -25?
-516356
In base 4, what is 23101101212112 - -1?
23101101212113
In base 6, what is 104310 - 4003?
100303
In base 16, what is -14ec + 8a5d?
7571
In base 16, what is -a - 1b9d7?
-1b9e1
In base 7, what is -12 - 101231342?
-101231354
In base 10, what is -7 + -253297?
-253304
In base 10, what is -21 - -3914696?
3914675
In base 5, what is -2400242 - -1302?
-2343440
In base 16, what is 5794ed - -18?
579505
In base 4, what is -1112 - -202212300?
202211122
In base 13, what is -2058 + -a3b?
-2a96
In base 8, what is -405426 + 1415?
-404011
In base 3, what is 22020211 + -1012112100?
-220021112
In base 11, what is 6289 + 4570?
a849
In base 9, what is -32441 - -35344?
2803
In base 2, what is 10001010000 - -11011101010111110?
11011111100001110
In base 13, what is -70 + 12306?
12266
In base 10, what is -5 - 46194958?
-46194963
In base 12, what is 70a - 41266?
-40758
In base 15, what is 2000 - 63?
1e8c
In base 9, what is 68282202 - 4?
68282187
In base 5, what is 341 + -423323423?
-423323032
In base 12, what is -530b - -553?
-4978
In base 8, what is -475613 - 214?
-476027
In base 16, what is 32bf + 72?
3331
In base 8, what is 137 - -203172?
203331
In base 2, what is -11100011101010001000011010 + -1100?
-11100011101010001000100110
In base 4, what is 12230100 + 102130?
12332230
In base 4, what is -2200131 + 3230312?
1030121
In base 7, what is -62223156 - -5?
-62223151
In base 16, what is -29a298a + 0?
-29a298a
In base 4, what is -31113210 + 11211?
-31101333
In base 14, what is 38bd - -203b?
591a
In base 2, what is 1110011010100011101101 + 111?
1110011010100011110100
In base 12, what is -147 + 9a2892?
9a2747
In base 16, what is -bbec9 + -2dd?
-bc1a6
In base 10, what is 267629 - -18?
267647
In base 9, what is -24661033 - -2?
-24661031
In base 15, what is 0 - 141abb?
-141abb
In base 14, what is -a4d6 - -3da?
-a0da
In base 7, what is -3212 - 466402?
-502614
In base 4, what is 10331033 - 213333?
10111100
In base 4, what is 33 - -33103101010?
33103101103
In base 10, what is 2 + 120753?
120755
In base 1